lculate t(-1).
-7
Let w(k) = 53*k**2 - 15609*k + 7946. Determine w(294).
8
Let j(c) = -c**3 + 8*c**2 + 285*c - 70. Determine j(19).
1374
Let i(l) = -l**3 + 86*l**2 - 424*l - 165. Calculate i(5).
-260
Let j(y) = 8*y**3 - 186*y**2 - 218*y + 6080. What is j(23)?
8
Let z(u) = 32*u**3 + 449*u**2 - 414*u - 5979. Determine z(-14).
13
Let k(y) = -y**3 - 53*y**2 + 4766*y + 259608. Give k(-58).
0
Let y(x) = 593*x + 50664. Determine y(-85).
259
Let p(u) = u**2 - 145*u + 4626. Determine p(52).
-210
Let m(v) = -4269*v - 934964. Determine m(-219).
-53
Let k(s) = -13434*s + 107025. Determine k(8).
-447
Let n(w) = 2499*w + 884645. Determine n(-354).
-1
Let j(u) = -10*u**3 - 1151*u**2 - 120*u - 379. Calculate j(-115).
196
Let k(x) = -3*x**3 - 52*x + 450. What is k(4)?
50
Let z(x) = -2*x**3 - 101*x**2 + 88*x - 9404. Give z(-53).
-23
Let w(o) = 2257*o**3 + 244*o**2 + 247*o + 2. What is w(-1)?
-2258
Let w(v) = -30*v**2 - 866*v - 5051. What is w(-8)?
-43
Let z(a) = -a**3 - 170*a**2 - 7061*a - 304. Calculate z(-72).
56
Let s(j) = 2*j**2 + 437*j + 14553. Calculate s(-37).
1122
Let n(z) = 4557*z - 15245. Calculate n(4).
2983
Let x(w) = -w**3 - 25*w**2 + 4552*w + 105764. What is x(-23)?
10
Let h(y) = 1662*y**2 + 1564*y - 1571. Determine h(1).
1655
Let r(o) = 14589*o - 525231. Give r(36).
-27
Let u(n) = -4162*n + 1226. Give u(1).
-2936
Let k(a) = -a**2 + 158*a + 3269. Give k(177).
-94
Let y(t) = -711514*t + 4269061. Calculate y(6).
-23
Let v(x) = -3*x**2 - 122*x - 3210. Calculate v(-20).
-1970
Let r(u) = u**2 + 51*u - 24662. Give r(132).
-506
Let m(y) = 2*y**3 + 1002*y**2 - 6037*y - 124. Give m(6).
158
Let v(z) = -38*z + 93. Give v(-12).
549
Let b(n) = 4*n**3 - 8*n**2 - 302*n - 2034. Give b(-7).
-1684
Let q(d) = -28*d**2 - 461*d + 1233. Give q(-19).
-116
Let j(i) = -23*i**2 - 182*i + 20. Determine j(-8).
4
Let f(d) = 24*d**3 - 2996*d**2 - 499*d - 131. Give f(125).
-6
Let a(r) = 809*r + 7171. Give a(-10).
-919
Let v(p) = 2508*p - 453954. Calculate v(181).
-6
Let u(m) = 2*m**3 - 55*m**2 + m + 1259. Give u(0).
1259
Let m(g) = 3*g**3 + g**2 - 24*g + 4. Calculate m(3).
22
Let y(u) = 3*u**3 - 189*u**2 + 2689*u + 261. What is y(41)?
-436
Let y(v) = 7*v**2 + 459*v - 3587. Determine y(7).
-31
Let n(a) = -22*a**3 + 11*a**2 + 155*a + 399. Determine n(-3).
627
Let t(i) = -i**3 - 117*i**2 - 2835*i + 2863. Give t(-82).
-7
Let n(t) = 51*t**3 - 131*t**2 + 389*t - 29. What is n(3)?
1336
Let r(t) = -1020*t + 90501. Calculate r(89).
-279
Let q(i) = 11*i**2 - 97*i + 232. Give q(10).
362
Let y(q) = q**3 - 39*q**2 - 110*q - 710. Give y(42).
-38
Let o(z) = -113*z**2 + 1007*z - 1987. Give o(6).
-13
Let k(y) = 195*y**2 + 564*y - 1070. Calculate k(2).
838
Let a(b) = -2*b**2 + 1171*b - 24768. Determine a(22).
26
Let z(p) = -13*p**3 - 29*p**2 - 822*p - 1634. Calculate z(-2).
-2
Let n(j) = j**3 + 196*j**2 - 356*j - 8977. Determine n(-6).
-1
Let i(x) = -169625*x + 4749507. Calculate i(28).
7
Let j(m) = -4*m**2 + 232*m + 1228. Calculate j(63).
-32
Let l(k) = -163444*k - 1143974. What is l(-7)?
134
Let s(f) = -5424*f - 428880. Give s(-79).
-384
Let i(w) = 1309*w - 4599. Give i(3).
-672
Let u(r) = 8*r**3 - 7*r**2 + 364*r - 1063. Determine u(3).
182
Let v(l) = -l**3 + 106*l**2 + 230*l - 1417. What is v(108)?
95
Let s(o) = o**2 - 5157*o - 872642. What is s(-164)?
2
Let s(j) = 20*j**2 + 221*j + 741. Give s(-4).
177
Let o(u) = -9761*u - 9887911. What is o(-1013)?
-18
Let u(b) = 602*b + 4259. What is u(-7)?
45
Let u(o) = -o**2 + 74*o + 1814. Determine u(-23).
-417
Let y(l) = 3811*l + 31066. Calculate y(-9).
-3233
Let s(w) = -w - 696. What is s(64)?
-760
Let f(s) = -s**3 + 27*s**2 - 2016*s + 54949. What is f(27)?
517
Let n(j) = 22835*j - 365368. Give n(16).
-8
Let c(s) = -24598*s - 73850. Calculate c(-3).
-56
Let l(q) = q**3 - 46*q**2 - 144*q + 2148. What is l(47)?
-2411
Let h(g) = -986*g - 1045. What is h(-1)?
-59
Let b(g) = 1048581*g - 73400679. What is b(70)?
-9
Let q(p) = 18*p**2 - 2037*p - 3805. What is q(115)?
-10
Let w(f) = -f**2 - 998*f - 147878. Calculate w(-181).
-1
Let t(o) = 2*o**2 - 362*o - 8488. Determine t(202).
-4
Let x(j) = 2*j**2 + 211*j + 4053. Determine x(-80).
-27
Let x(w) = -13477*w - 7398876. Determine x(-549).
-3
Let y(w) = w**2 + 2814*w + 47551. Determine y(-17).
2
Let h(m) = 3*m**3 - 86*m**2 - 1515*m - 75. What is h(41)?
7
Let t(z) = 4*z - 103. Determine t(88).
249
Let n(m) = m**2 - 10054*m - 171251. Give n(-17).
-44
Let m(i) = -12*i**2 - 23*i + 720. Give m(9).
-459
Let g(s) = 3*s**2 + 5321*s - 603691. Calculate g(107).
3
Let d(v) = 294*v**2 + 3252*v + 3252. Determine d(-1).
294
Let d(c) = 2*c**2 - 905*c + 25077. Determine d(424).
909
Let t(u) = -u**2 + 52921*u - 5. Give t(0).
-5
Let d(k) = -8*k**3 + 13403*k**2 - 4872*k - 256273. Give d(1675).
2
Let q(u) = -104*u**3 + 2287*u**2 + 37*u - 233. What is q(22)?
97
Let u(c) = 8*c**3 - 276*c**2 - 2690*c + 7146. Determine u(42).
6
Let w(j) = -j**3 + 20*j**2 - 115*j + 161. Give w(8).
9
Let m(a) = 13*a**2 + 1998*a - 13122. Give m(-160).
-2
Let m(l) = -96*l**2 - 78*l + 108. Determine m(-3).
-522
Let k(d) = 4*d**2 + 217*d - 12129. Give k(34).
-127
Let d(r) = -3*r**2 - 205*r + 709. What is d(-68)?
777
Let d(c) = -9*c**2 + 274*c + 2851. Determine d(-10).
-789
Let a(x) = -2*x**3 + 77*x**2 + 21008*x + 1111. Give a(-85).
6
Let v(o) = 10*o**3 + 163*o**2 + 65*o + 347. Determine v(-16).
75
Let m(z) = -z**3 - 175*z**2 + 518*z - 3467. Determine m(-178).
-619
Let p(i) = -1368*i + 6966. What is p(5)?
126
Let q(n) = n**2 + 59*n - 1085. What is q(19)?
397
Let c(n) = 5*n**3 + 3*n**2 - 41*n - 125. Calculate c(-3).
-110
Let u(d) = 22112*d + 353786. Determine u(-16).
-6
Let s(a) = a**3 - 34*a**2 + 187*a - 26. Determine s(29).
1192
Let w(k) = -2*k**3 + 4*k**2 + 446*k + 55. What is w(16)?
23
Let u(i) = 2929*i - 251890. Determine u(86).
4
Let r(c) = -12*c**2 + 2759*c - 331. Give r(230).
-561
Let b(z) = -z**3 + 6*z**2 - 7*z - 1371. Determine b(0).
-1371
Let h(n) = n**3 + 48*n**2 + 320*n - 585. Determine h(-10).
15
Let d(v) = 12*v**2 - 99*v - 477. What is d(-6)?
549
Let a(s) = -43396*s + 3428289. Give a(79).
5
Let l(z) = 88*z**2 + 284*z - 62. What is l(-4)?
210
Let c(g) = -4145660*g + 74621885. Give c(18).
5
Let c(k) = 1149*k - 26431. Give c(23).
-4
Let y(z) = 8359*z - 47361. What is y(6)?
2793
Let x(v) = 136*v + 3227. Calculate x(-27).
-445
Let v(f) = 982*f + 80481. Give v(-82).
-43
Let c(y) = -9138*y - 54621. Calculate c(-6).
207
Let p(f) = 40*f - 6558. Give p(141).
-918
Let h(n) = 574*n - 246239. What is h(429)?
7
Let j(l) = -9584*l + 4360714. Calculate j(455).
-6
Let q(k) = 14*k**2 - 406*k + 24. What is q(29)?
24
Let j(g) = -99*g**2 + 14093*g - 5072. Calculate j(142).
-102
Let p(d) = 10*d**2 - 1378*d + 40228. Give p(42).
-8
Let y(u) = 23*u**2 - 3469*u - 4111. Give y(152).
-7
Let r(i) = 1476680*i + 19196856. Give r(-13).
16
Let g(k) = 150979*k - 150978. Calculate g(1).
1
Let a(q) = -q**3 + 121*q**2 - 383*q + 3495. What is a(118)?
73
Let d(z) = -2*z**3 - 74*z**2 + 761*z + 6761. Determine d(-6).
-37
Let y(w) = -52*w - 156. Determine y(-3).
0
Let c(y) = -645*y + 50959. Give c(79).
4
Let f(y) = -4*y**2 + 2424*y - 12016. Calculate f(5).
4
Let v(s) = -44841*s - 3856323. What is v(-86)?
3
Let s(t) = -t**3 - 88*t**2 + 84*t - 724. What is s(-89)?
-279
Let t(q) = 2*q**2 + 64*q - 6113. Calculate t(-74).
103
Let b(m) = -10*m**3 - 698*m**2 + 128*m - 949. Give b(-70).
-109
Let a(i) = 8200*i + 8068. Calculate a(-1).
-132
Let l(h) = -111*h**2 + 5963*h - 70. What is l(53)?
4170
Let s(k) = 100195*k - 13927100. Determine s(139).
5
Let f(j) = -3*j**3 - 6*j**2 + 5512*j + 16537. Calculate f(-3).
28
Let c(v) = -12372*v**2 - 197950*v + 30. Give c(-16).
-2
Let r(m) = -m**2 - 205*m - 9562. What is r(-67)?
-316
Let y(o) = o**3 - 70*o**2 + 326*o - 8395. Give y(67).
-20
Let x(v) = 31*v**2 + 27*v - 35. Calculate x(2).
143
Let r(i) = 3393*i - 203. What is r(0)?
-203
Let n(k) = 2*k**3 - 7*k**2 + 17*k - 359. What is n(8)?
353
Let d(p) = -6349*p + 31734. Give d(5).
-11
Let o(i) = 434*i - 13605. Calculate o(33).
717
Let i(z) = -z**3 + 280*z**2 - 2334*z - 1096. Calculate i(9).
-151
Let i(d) = 4*d**2 + 1511*d + 97661. Give i(-295).
16
Let c(f) = 286*f - 5749. Give c(6).
-4033
Let u(k) = -k**3 + 31*k**2 + 155*k - 24. Determine u(-4).
-84
Let u(p) = -181*p**3 - 1624*p**2 + 362*p + 2854. What is u